b + 262*u - 82 = 263*u, -2*b - 2*u = -184. Calculate the remainder when 906 is divided by b.
36
Suppose -2*m + 157 = 40*x - 37*x, 0 = -3*m - 3*x + 231. What is the remainder when m is divided by 56?
18
Let c(l) = -164*l + 291. Calculate the remainder when c(-2) is divided by 26.
21
Suppose 4*v = 4*o + 12040, -3*o = 2*v + 2584 - 8574. What is the remainder when v is divided by 749?
8
Let z = -5562 + 5646. What is the remainder when 759 is divided by z?
3
Suppose -f - 4*f = -50. Suppose 14*d - 2 = 13*d. Suppose -4 = -4*v, d*c - 1 = -2*v + 21. Calculate the remainder when c is divided by f.
0
Let z be -7 - -8 - (0 - -19). Let m be (-76)/(-14) - z/(-42). Let c(y) = y**2 - 2*y - 6. Calculate the remainder when 116 is divided by c(m).
8
Let x = -4171 + 6720. What is the remainder when x is divided by 318?
5
Suppose 3*a + 60 = 4*r + 5*a, 0 = 5*r - 5*a - 45. Let m = 22325 + -22248. Calculate the remainder when m is divided by r.
12
Suppose -l + 41 - 180 = 0. Let g = -107 - l. Calculate the remainder when 113 is divided by g.
17
Calculate the remainder when (-4 - 45)*(-11233)/47 is divided by 24.
23
Let q(w) = 94*w**2 - 135*w - 690. Calculate the remainder when q(-5) is divided by 196.
179
Let g(u) = -u**3 + 35*u**2 + 382*u - 7. Calculate the remainder when 688 is divided by g(-9).
93
Suppose 2*c - 3*c + 66 = 0. Let a = 69 - c. Let b = 4 - 0. What is the remainder when b is divided by a?
1
Suppose 102*x - 97*x + n = 435, -n = -x + 81. What is the remainder when 208 is divided by x?
36
Let j(l) = 6*l + 40. Let i be j(-7). Let d be ((-2)/(-8))/(i/(-40)). Suppose -d*c + 280 + 75 = 0. Calculate the remainder when c is divided by 19.
14
Suppose 234 = 3*k - 4*g, -k + 4*g = k - 156. Calculate the remainder when 855 is divided by k.
75
Suppose -9*j + 12*j + 45 = 0. Let k be j/(-90) - 1/6. Suppose -5*g + 3*g + 100 = k. Calculate the remainder when g is divided by 9.
5
Suppose -2*a + 156 = 2*j - 6*a, 5*j + 5*a - 420 = 0. Let z = -57 + j. Calculate the remainder when 61 is divided by z.
11
Suppose 0 = -6*i + 166 - 4. Suppose -2*l - 24 = -4*c, 2*c + 5*l + i = 63. Let x = 17 + c. What is the remainder when 73 is divided by x?
23
Suppose 55 = 10*t + t. Let i(z) be the first derivative of z**3/3 + z**2/2 - 20*z - 51. What is the remainder when i(t) is divided by 6?
4
Let s = 1390 - 1395. Let d = 78 + -42. What is the remainder when -7 + (-879)/15*s is divided by d?
34
Let v be 10/6 + -2 + 1/3. Suppose 5*s - 4*s - 22 = v. Let k = s + -8. Calculate the remainder when k is divided by 8.
6
Let b = -31 + 40. What is the remainder when 132 is divided by (-22)/99 + -1 + 434/b?
38
Suppose -14*s + 10*s = -5*o - 190, 0 = -s + 4*o + 31. Calculate the remainder when 1092 is divided by s.
47
Let z be (4809/(-2))/(-7)*(-12)/9. Let v = z + 633. What is the remainder when v is divided by 22?
21
Let x be -1 + 5 + 0 - (1 + -167). Let f = 176 - x. What is the remainder when 6 is divided by f?
0
Let z = -12261 + 13026. Calculate the remainder when z is divided by 367.
31
Suppose 111 = 5*v + 6. Let y(p) = -2*p**2 + 19*p - 3. What is the remainder when v is divided by y(9)?
3
Suppose -5*f = 5*k - 25, 3*k - 10*f + 12*f - 17 = 0. What is the remainder when 201 is divided by k?
5
Suppose -4*l + 42 = -5*y + 15, -2*l = -2*y - 16. Suppose -a - 2*v = v - 99, 0 = 2*a - 5*v - 165. Calculate the remainder when a is divided by l.
12
What is the remainder when 917 is divided by 2650/45 - -4 - 98/(-882)?
35
Let a = 1832 + -1805. What is the remainder when 13310 is divided by a?
26
Let z(k) = 9*k - 1. Let a be z(9). Let l = a + -92. Calculate the remainder when (l/24)/((-2)/444) is divided by 19.
16
Let q be 5/(-10)*(2 + -4 + -8). Let f be (-1 - (-4)/2)*1. Suppose -2*j - q = f, -2*n + 54 = 2*j. Calculate the remainder when 149 is divided by n.
29
Suppose 123 + 131 = 3*u + 5*r, -3*r = -3*u + 294. Let o = -377609 + 377978. What is the remainder when o is divided by u?
90
Suppose 0 = -4*t + 621 + 419. Let a = t + -247. Calculate the remainder when 23 is divided by a.
10
Let q be 5 + 390/((-9)/(-3)). Suppose 31*t + q = 36*t. Suppose -4*o + 8 = -4*r - 64, 75 = 4*o - 5*r. What is the remainder when t is divided by o?
12
Let m = 54 + -32. Let j(l) = -l**3 + 133*l**2 - 308*l - 10573. What is the remainder when j(130) is divided by m?
21
Suppose -j + 52 - 1 = 0. What is the remainder when j is divided by 3*(-2)/(-9)*(-660)/(-40)?
7
Suppose 36*p - 4*c + 10 = 37*p, 85 = 3*p + c. Let j(f) = f**3 - 5*f**2 + 4*f + 2. Let o be j(5). Let w = o + p. Calculate the remainder when w is divided by 14.
10
Suppose -23*h + 9*h + 252 = 0. Calculate the remainder when 64 is divided by (2/(h/27))/((-1)/(-6)).
10
Suppose 4*b = 13*b - 5400. Suppose 4*v + b = 9*v. Suppose -3*a + v = -147. Calculate the remainder when a is divided by 31.
27
Let o(a) = -a**2 + 21*a + 20. Suppose z + 5*g = 19 + 29, 2*g + 72 = 2*z. Suppose 6*m - z = 4*m. Calculate the remainder when o(m) is divided by 16.
10
Let d be 4*20 - (-1 - (-2 + 4)). Let f(c) = -3*c + 13. Let s be f(25). Let v = d + s. What is the remainder when 61 is divided by v?
19
Let j(s) be the second derivative of s**3/2 + 52*s**2 + 3*s - 2. What is the remainder when j(-21) is divided by 28?
13
Suppose 280 = 5*c - 0*c. Suppose 0 = -86*r + 85*r + 20. Calculate the remainder when c is divided by r.
16
Let r(n) = 4*n**3 - 32*n**2 + 14. What is the remainder when 7135 is divided by r(8)?
9
Suppose 2*j - 37 = 3*r - 1, 104 = 5*j - 4*r. Suppose -13*o - j = -16*o. What is the remainder when o is divided by 48/(-40)*(1 + -6)?
2
Calculate the remainder when (-295*(-20)/(-150))/(-1)*6 is divided by 105.
26
Let t(n) be the second derivative of -19/2*n**2 - 11*n - n**3 + 0. Calculate the remainder when 18 is divided by t(-4).
3
Let b = -10638 - -10780. Calculate the remainder when 319 is divided by b.
35
Suppose -2*p - 199 = -0*p + 5*r, 0 = -2*p + 4*r - 226. Let w = p + 119. Calculate the remainder when 189 is divided by w.
9
Let n(v) = -v**2 + 9*v - 9. What is the remainder when n(7) is divided by 9/90 - 27/(-30)?
0
Let t = -120 - -38. Let x(c) = 9*c. Let f be x(-2). Let i = f - t. What is the remainder when i is divided by 14?
8
What is the remainder when (-9 - (-468)/(-60))*290/(-4) is divided by 94?
90
Let a(r) = 8*r - 291 + 265 + 3*r**2 - 33*r. Let f(o) = o**2 - 7*o + 8. What is the remainder when a(11) is divided by f(8)?
14
Calculate the remainder when 98 is divided by (11 + (-580)/50)/(15/(-625)).
23
Let f = 2865 - 2915. Let c = 37 - -25. Let t = f + c. What is the remainder when 12 is divided by t?
0
Let u = -22862 - -23499. What is the remainder when u is divided by 352?
285
Let s(p) = -234*p + 133*p + 2 + 127*p. Calculate the remainder when s(2) is divided by 7.
5
Let v(c) = -c**3 + 3*c**2 + c + 2. Let n be v(-2). Suppose 132*f = 128*f + n. Suppose -116 = -f*p + 109. What is the remainder when 178 is divided by p?
43
Let x(j) = 133*j - 64. Calculate the remainder when 130 is divided by x(1).
61
Let o(h) = h**2 + h - 273. Calculate the remainder when 2500 is divided by o(-18).
25
Let q = -66 - -71. Let r(o) = 2*o - 10. Let v be r(q). Suppose 0 = 5*b - v*b - 45. Calculate the remainder when 31 is divided by b.
4
Suppose 6*x + 91 = 13*x. Suppose 8*n - 20 = x*n. Calculate the remainder when 37 is divided by (4 - (-9 + -1)) + n.
7
Let v(a) = -63*a**3 - 17*a**2 - 2*a - 12. Let w be v(-5). Suppose 0 = 37*f - 9*f - w. What is the remainder when f is divided by 6?
2
Let v(t) = 10*t**2 - 32*t + 13. Suppose 66 - 54 = 2*f. Calculate the remainder when v(f) is divided by 55.
16
Let g = 192 + -198. What is the remainder when 64 is divided by ((-112)/(-60)*g)/(2/(-5))?
8
Suppose 78*w + 870 = 72*w. Calculate the remainder when 34 is divided by 29/w - 58/5*-2.
11
Let k(j) = -6*j**3 - 18*j**2 - 2*j - 1. What is the remainder when 1082 is divided by k(-3)?
2
Suppose 5*s = 3*x + 90, -235*s + 234*s - 3*x = -36. Let b be 0*(2 - 3)*1. Suppose b = -2*t - 2*t + 24. Calculate the remainder when s is divided by t.
3
Let s = -16186 + 2986. Calculate the remainder when (-10)/85 + s/(-68) + 3 is divided by 58.
23
Let x(r) = -r**3 - 29*r**2 - 30*r + 38. Calculate the remainder when 842 is divided by x(-28).
90
Let r(p) = 7*p**2 - 13*p + 4. Let v be r(3). Suppose 39*s = v*s + 924. What is the remainder when s is div